).
17
Suppose 99 = 7*h - 195. What are the prime factors of h?
2, 3, 7
Suppose -g = -22*g + 4053. List the prime factors of g.
193
Let m be (-2 - (-12)/3) + 34. Suppose -3*g - 81 = -0*a + 3*a, -3*g - 33 = a. Let k = a + m. List the prime factors of k.
2, 3
Suppose -340 - 108 = -7*m. What are the prime factors of m?
2
Let n(o) be the third derivative of -o**6/120 + o**5/5 - 5*o**4/12 - 4*o**3/3 + 2*o**2. What are the prime factors of n(11)?
3
Let z = 18 + -5. Let j(s) = -s**3 - 20*s**2 - 19*s + 7. Let c be j(-19). Let m = z - c. What are the prime factors of m?
2, 3
Let c(f) = -8*f - 10. Let t be c(-11). Suppose 0*m - 2*m = -t. What are the prime factors of m?
3, 13
Let g be -2 + -5*(-2)/1. Suppose 0 = 4*i - g - 0. Suppose -i*z = 3*z - 30. List the prime factors of z.
2, 3
Suppose 17*x + 69 = 18*x. What are the prime factors of x?
3, 23
Suppose -5*g = -g - 368. Let x = -53 + g. Suppose 0 = -5*o + x + 21. List the prime factors of o.
2, 3
Suppose -40 = 9*a - 13*a. Let s(l) = 6*l + 3 - 4*l - 9. What are the prime factors of s(a)?
2, 7
What are the prime factors of 0 + 2 + 5/((-10)/(-72))?
2, 19
Suppose 3*p - 140 = 1. Let i = p - 6. List the prime factors of i.
41
Let q = 9 - 5. List the prime factors of (-55)/(-3) + q/6.
19
Let r = 639 - 366. List the prime factors of r.
3, 7, 13
Suppose -2*d - 3*t - 3 = 0, 4*d = -0*d + 4*t + 44. Suppose 0 = -d*a + 18 - 0. List the prime factors of a.
3
Let n(i) = i + 6 - 3*i + i. Let x be n(5). List the prime factors of 9 - (0 + (2 - x)).
2
Suppose -7*i = -4*i - 42. Let j = i - 10. List the prime factors of j.
2
Suppose k = 3*k. Suppose -5 = -6*f + 5*f. Suppose -f*l + 40 = -k*l. What are the prime factors of l?
2
Suppose x = -c - c - 33, -c = 5. Suppose g = 4 + 2. List the prime factors of x/(-4)*(-2 + g).
23
Let c(s) be the second derivative of -s**8/6720 + s**7/630 - s**5/120 - s**4/4 + 2*s. Let z(k) be the third derivative of c(k). List the prime factors of z(3).
2
Let s = 40 + 121. List the prime factors of s.
7, 23
Suppose 2*r - 125 = -3*r. Suppose -2*g + d + r - 6 = 0, 0 = -4*g - d + 41. Let a = g + 0. What are the prime factors of a?
2, 5
Let w(x) = -x - 8. Let m be w(-8). Suppose z + m = 3. List the prime factors of z.
3
Let c be -3*(-2 - (-14)/3). What are the prime factors of 12*1/((-4)/c)?
2, 3
Let d(r) be the third derivative of -r**5/60 + 2*r**3 - 6*r**2. What are the prime factors of d(0)?
2, 3
Let i = -1 - 2. List the prime factors of 18/(-27) + (-17)/i.
5
Let g(d) be the third derivative of -d**6/120 + d**5/10 - d**4/8 - d**3/3 + 2*d**2. Let p be g(5). Let n = -6 + p. List the prime factors of n.
2
Let c = 87 - -9. List the prime factors of c.
2, 3
Suppose 4*z + 308 = 4*o - 148, -5*z + 5 = 0. Suppose o = 4*y + y. List the prime factors of y.
23
Suppose -4*t = -0*t - 8. Suppose t*s - 16 = s. What are the prime factors of s?
2
List the prime factors of -2*(9 + -4)*-1.
2, 5
Let z(h) = 0*h - 7 - 7*h + 2*h**2 + 5*h - 4*h. What are the prime factors of z(5)?
13
List the prime factors of ((-10)/(-6))/((-10)/(-570)).
5, 19
Let t(h) = -2*h**3 + 1. Suppose x - 4*x - 6 = 0. What are the prime factors of t(x)?
17
Let r be (-2)/(-9) + 29/(-9). Suppose -w = -o - 10, -5*w - o = -w - 35. Let d = r + w. List the prime factors of d.
2, 3
Let o(l) = -2*l**3 + 5*l + 5. List the prime factors of o(-2).
11
Suppose 2 = -3*d + 32. Let j be 3/(6/d)*1. Suppose 0 = -4*l + 3*w + 46, -5*l - j*w + 2*w = -71. What are the prime factors of l?
13
Let v(z) = 2*z - 2. Let o be v(2). Suppose -4 = -o*w - 0*w. Suppose -w*k + 64 = 2*k. List the prime factors of k.
2
Let h(o) = o**3 + o**2 + o - 2. Let n be h(-2). What are the prime factors of 2/n + 404/16?
5
Let z(p) = 3*p + 6. Let u be z(-5). What are the prime factors of 18*(2 - u/(-6))?
3
Let t = -8 + 4. What are the prime factors of t*(-1)/2 - -3?
5
Suppose 0 = 4*s + 4 - 24. Suppose 0 = -s*u + h, 0*u + 3*u + 3*h = 0. Suppose 23 = 3*c + 2*p + 3*p, c - 4*p - 2 = u. List the prime factors of c.
2, 3
Suppose 7*d + 200 = 12*d. List the prime factors of d.
2, 5
Suppose -t + 2 = -b, 2*t - 8 = -2*t + 2*b. Suppose -t*k - 11 = -k. Let f = k + 16. List the prime factors of f.
5
Let z = -12 - -24. Suppose z = r + 3*r. List the prime factors of r.
3
Let j = 17 - 13. Suppose -3*d - 44 = -j*d. What are the prime factors of d?
2, 11
Let a(d) = 2*d + 3. Suppose 2*s - 3*s = 3. Let v be a(s). What are the prime factors of (-1)/v*3 - -7?
2
Let w be (-8)/24 - (-7)/3. What are the prime factors of (-3)/(w*2/(-4))?
3
Let i be (5/2 - 0)*24. Suppose 2*y - 12 = a, -3*y + 8*y = 4*a + i. List the prime factors of (96/(-40))/(6/a).
2
Suppose -2*l + 13 = -9. Let j be ((-1)/(-3))/((-4)/(-48)). Let q = l - j. List the prime factors of q.
7
Let a(j) = j**3 + 6*j**2 - 4*j + 9. Let k be a(-7). Let s = k + 18. List the prime factors of s.
2, 3
Suppose 12*r - 2*r - 1500 = 0. What are the prime factors of r?
2, 3, 5
Let t(q) = -4*q + 8. What are the prime factors of t(-5)?
2, 7
Let a(x) = x**2 - 3*x - 3. Let i be a(3). Let z be (2 + -11)*i/3. Let p = z + 4. List the prime factors of p.
13
Suppose -2*x + 56 - 16 = 0. What are the prime factors of x?
2, 5
Let l = 9 + -7. Suppose -3*q - 4 = -0*i + i, 0 = 2*i - 4*q - 12. Suppose i*b - 10 = -l. List the prime factors of b.
2
Let r be (-2)/(-2)*(-4 - 7). Let z(u) = -u**3 - 10*u**2 + 7*u - 9. What are the prime factors of z(r)?
5, 7
Let m(b) = -b**3 - 3*b**2 - 2*b + 2. Let k be m(-2). Suppose -3*v + k*c + 0*c = 89, -5*c = 25. What are the prime factors of (2/3)/((-2)/v)?
11
Let q(d) = -d**3 - 6*d + 2*d**2 + d + 3*d**2. Let k be q(4). Let a = k - -6. What are the prime factors of a?
2
Let g = -12 - -1. Let d = g - -7. List the prime factors of (15/(-6))/(2/d).
5
Suppose 2*a + 112 = 2*z, 2*z = -0*z + 5*a + 97. List the prime factors of z.
61
Suppose -s = -3*s + 2*i + 580, i + 575 = 2*s. What are the prime factors of s?
3, 5, 19
Suppose 0 = 5*r + 5*f - 1400, -4*r + 2*f - 4*f + 1116 = 0. What are the prime factors of r?
2, 139
Let t = -8 + 10. Let q be 1*2*(-23)/t. Let x = -14 - q. List the prime factors of x.
3
Suppose q - 2 + 4 = 0. List the prime factors of (-11)/q + 6/(-4).
2
Suppose 0 = c + 2*j + 6, -2 = c - j - 8. Let n = c - -3. List the prime factors of n.
5
Suppose -2*x + 10 = -4*x, -3*a = 5*x - 2. Let i be 24/a*6/8. Suppose -3*u - i*u = -70. What are the prime factors of u?
2, 7
Suppose 7*k = 11*k + 24. Let c(u) = -4*u - 1. List the prime factors of c(k).
23
What are the prime factors of (-2 - -3)*(-309)/(-3)?
103
What are the prime factors of (-3)/(18/(-1306)) + (-1)/(-3)?
2, 109
Suppose 10 = -r - 6*b + 3*b, -r = -5*b - 30. Suppose -r = 5*n - 15. Suppose 0 = d + n*d - 4*j + 11, 5*j - 25 = 0. What are the prime factors of d?
3
Suppose -92 = -4*n + 4*w, -w - 31 = -n + 2*w. Suppose -n*q + 6 = -17*q. List the prime factors of q.
3
Let b(i) be the third derivative of i**4/24 + i**3/6 - 3*i**2. Let x be b(-5). Let d(k) = k**3 + 3*k**2 - 6*k - 1. What are the prime factors of d(x)?
7
Suppose -411 = -4*x + x. List the prime factors of x.
137
Let o = -11 + 15. Suppose 29 + 7 = o*a. Suppose -64 + a = -5*n. List the prime factors of n.
11
Let r(x) = -x**3 + 2*x**2 - x + 4. List the prime factors of r(-3).
2, 13
Let i be (9/(-4))/(9/(-60)). Let p(b) = -b**2 + 16*b + 21. What are the prime factors of p(i)?
2, 3
Suppose 5*l = r + 946, -4*r - 958 = -5*l - 6*r. List the prime factors of l.
2, 5, 19
Let z(k) = k**2 - 4*k - 1. Let b(q) = -q - 1. Let v be b(-6). Let m be z(v). Suppose 0*r + m*r - 12 = 0. List the prime factors of r.
3
Suppose 3*r - 68 = -17. What are the prime factors of r?
17
Suppose m = 4*w - 1, 3*m + 2 = -3*w - 1. Suppose -5*z + 3*z + 20 = w. What are the prime factors of z?
2, 5
Let i(s) = 9*s**2 - 1. List the prime factors of i(-2).
5, 7
Let d = -37 - -42. What are the prime factors of d?
5
Let y(j) = j**2 + 5*j - 15. What are the prime factors of y(-9)?
3, 7
Let s be (-1)/((3 + 0)/(-6)). Suppose 0 = -m + 2*b + 15, 0 = -s*m + 4*m - 2*b - 20. Suppose -5*u + 3*t = -10 - 9, -4*u = -m*t - 10. List the prime factors of u.
5
Let z(r) = -r**3 - r**2 - r - 2. Let c be 2/(-4 + 2 + 1). List the prime factors of z(c).
2
Let j be 335/10 - (-2)/(-4). Suppose 0 = 3*c + 3 - j. Let d = c + 1. List the prime factors of d.
11
List the prime factors of 6/(-9)*(-2)/4*1047.
349
Le